{"id":261,"date":"2025-01-14T21:38:40","date_gmt":"2025-01-14T21:38:40","guid":{"rendered":"https:\/\/businesslegacyschool.com\/?page_id=261"},"modified":"2025-12-16T03:10:45","modified_gmt":"2025-12-16T03:10:45","slug":"servicios","status":"publish","type":"page","link":"https:\/\/businesslegacyschool.com\/?page_id=261","title":{"rendered":"Servicios"},"content":{"rendered":"\t\t<div data-elementor-type=\"wp-page\" data-elementor-id=\"261\" class=\"elementor elementor-261\" data-elementor-post-type=\"page\">\n\t\t\t\t\t\t<section class=\"elementor-section elementor-top-section elementor-element elementor-element-1e06a3f2 elementor-section-full_width elementor-section-height-default elementor-section-height-default\" data-id=\"1e06a3f2\" data-element_type=\"section\">\n\t\t\t\t\t\t<div class=\"elementor-container elementor-column-gap-no\">\n\t\t\t\t\t<div class=\"elementor-column elementor-col-100 elementor-top-column elementor-element elementor-element-8578f8b\" data-id=\"8578f8b\" data-element_type=\"column\">\n\t\t\t<div class=\"elementor-widget-wrap elementor-element-populated\">\n\t\t\t\t\t\t<section class=\"elementor-section elementor-inner-section elementor-element elementor-element-48bc836b elementor-section-boxed elementor-section-height-default elementor-section-height-default\" data-id=\"48bc836b\" data-element_type=\"section\">\n\t\t\t\t\t\t<div class=\"elementor-container elementor-column-gap-no\">\n\t\t\t\t\t<div class=\"elementor-column elementor-col-100 elementor-inner-column elementor-element elementor-element-67c4893\" data-id=\"67c4893\" data-element_type=\"column\">\n\t\t\t<div class=\"elementor-widget-wrap elementor-element-populated\">\n\t\t\t\t\t\t<div class=\"elementor-element elementor-element-28447c37 elementor-widget elementor-widget-heading\" data-id=\"28447c37\" data-element_type=\"widget\" data-widget_type=\"heading.default\">\n\t\t\t\t<div class=\"elementor-widget-container\">\n\t\t\t\t\t<h2 class=\"elementor-heading-title elementor-size-default\">Nuestros servicios <\/h2>\t\t\t\t<\/div>\n\t\t\t\t<\/div>\n\t\t\t\t<div class=\"elementor-element elementor-element-e70e761 elementor-widget-divider--view-line elementor-widget elementor-widget-divider\" data-id=\"e70e761\" data-element_type=\"widget\" data-widget_type=\"divider.default\">\n\t\t\t\t<div class=\"elementor-widget-container\">\n\t\t\t\t\t\t\t<div class=\"elementor-divider\">\n\t\t\t<span class=\"elementor-divider-separator\">\n\t\t\t\t\t\t<\/span>\n\t\t<\/div>\n\t\t\t\t\t\t<\/div>\n\t\t\t\t<\/div>\n\t\t\t\t<div class=\"elementor-element elementor-element-3d52e6a2 elementor-widget elementor-widget-text-editor\" data-id=\"3d52e6a2\" data-element_type=\"widget\" data-widget_type=\"text-editor.default\">\n\t\t\t\t<div class=\"elementor-widget-container\">\n\t\t\t\t\t\t\t\t\t<p>Se desarrollan en un sistema anual de marzo a diciembre con horarios flexibles, ya que las clases quedan grabadas, as\u00ed&nbsp; poder avanzar sin afectar responsabilidades. Recomendamos dedicar dos horas diarias, de lunes a jueves, para un mejor aprovechamiento del programa.<\/p><p>Las clases son 100 % online y, al finalizar, se recibir\u00e1 un certificado de avance anual.&nbsp;<\/p><p>&nbsp;Adem\u00e1s, continuar\u00e1s con un acompa\u00f1amiento personalizado, que te brindar\u00e1 respaldo y seguridad para aplicar lo aprendido y avanzar hacia un \u00e9xito duradero.<\/p><p>Porque cada a\u00f1o es un desaf\u00edo diferente, te estaremos apoyando en todo el proceso con cada una de tus metas a corto y largo plazo hasta que traspases tu legado.<\/p><p>Si importar tiempo ni edad estaremos contigo porque nuestra educaci\u00f3n es eterna.<\/p>\t\t\t\t\t\t\t\t<\/div>\n\t\t\t\t<\/div>\n\t\t\t\t\t<\/div>\n\t\t<\/div>\n\t\t\t\t\t<\/div>\n\t\t<\/section>\n\t\t\t\t\t<\/div>\n\t\t<\/div>\n\t\t\t\t\t<\/div>\n\t\t<\/section>\n\t\t\t\t<\/div>\n\t\t","protected":false},"excerpt":{"rendered":"<p>Nuestros servicios Se desarrollan en un sistema anual de marzo a diciembre con horarios flexibles, ya que las clases quedan grabadas, as\u00ed&nbsp; poder avanzar sin afectar responsabilidades. Recomendamos dedicar dos horas diarias, de lunes a jueves, para un mejor aprovechamiento del programa. Las clases son 100 % online y, al finalizar, se recibir\u00e1 un certificado [&hellip;]<\/p>\n","protected":false},"author":1,"featured_media":270,"parent":0,"menu_order":0,"comment_status":"closed","ping_status":"closed","template":"elementor_header_footer","meta":{"footnotes":""},"class_list":["post-261","page","type-page","status-publish","has-post-thumbnail","hentry"],"_links":{"self":[{"href":"https:\/\/businesslegacyschool.com\/index.php?rest_route=\/wp\/v2\/pages\/261","targetHints":{"allow":["GET"]}}],"collection":[{"href":"https:\/\/businesslegacyschool.com\/index.php?rest_route=\/wp\/v2\/pages"}],"about":[{"href":"https:\/\/businesslegacyschool.com\/index.php?rest_route=\/wp\/v2\/types\/page"}],"author":[{"embeddable":true,"href":"https:\/\/businesslegacyschool.com\/index.php?rest_route=\/wp\/v2\/users\/1"}],"replies":[{"embeddable":true,"href":"https:\/\/businesslegacyschool.com\/index.php?rest_route=%2Fwp%2Fv2%2Fcomments&post=261"}],"version-history":[{"count":32,"href":"https:\/\/businesslegacyschool.com\/index.php?rest_route=\/wp\/v2\/pages\/261\/revisions"}],"predecessor-version":[{"id":1085,"href":"https:\/\/businesslegacyschool.com\/index.php?rest_route=\/wp\/v2\/pages\/261\/revisions\/1085"}],"wp:featuredmedia":[{"embeddable":true,"href":"https:\/\/businesslegacyschool.com\/index.php?rest_route=\/wp\/v2\/media\/270"}],"wp:attachment":[{"href":"https:\/\/businesslegacyschool.com\/index.php?rest_route=%2Fwp%2Fv2%2Fmedia&parent=261"}],"curies":[{"name":"wp","href":"https:\/\/api.w.org\/{rel}","templated":true}]}}